se 2*w + 7 + 3 = 0, -s + 3*w + 19 = 0. Let r be s/3*(-150)/(-4). Let n be 18/(1 + 0) - -2. What is the greatest common factor of n and r?
10
Let d(n) = 37*n - 4. Let c(r) = r**3 + 12*r**2 - 13*r + 4. Let k be c(-13). Let j be d(k). What is the highest common divisor of 16 and j?
16
Let u be 1/(4 + 909/(-228)). Let z = u + -149. Let m = z - -113. Calculate the greatest common divisor of 16 and m.
8
Let b(v) = v**3 + 12*v**2 - 14*v - 15. Let h be b(-12). Calculate the highest common divisor of h and 9.
9
Suppose 5 + 19 = 6*z. Suppose z*l + 77 - 401 = 0. What is the highest common factor of 9 and l?
9
Let b = 32 + -38. Let y be (b - 10)*(-7 + 1). What is the highest common factor of y and 12?
12
Let z = -18 + 18. Suppose 2*t - j = 10, -t + 6 + z = -j. Let u(g) = 7*g**2 + g. Let m be u(-1). Calculate the highest common factor of t and m.
2
Suppose -25*f = -6*f - 19950. Calculate the highest common divisor of f and 126.
42
Let s = 1813 + -1573. Calculate the highest common factor of 64 and s.
16
Let h = 5594 - 3865. Calculate the greatest common divisor of 91 and h.
91
Suppose 2*v - 4*x = 48, 0 = 5*v - 9*v - 2*x + 56. Let t be (-1)/4 - (-148)/v. Calculate the greatest common factor of t and 3.
3
Let p(a) = 44*a - 1260. Let i be p(36). Calculate the greatest common divisor of i and 351.
27
Suppose 385 = 5*f + 3*j, -16*f + 13*f - 4*j + 220 = 0. Calculate the highest common factor of 100 and f.
20
Suppose 4*f - 1766 = -2*k, 0 = 2*f - k - 1173 + 292. Calculate the highest common factor of f and 9.
9
Suppose t - 4*a = 98, -4*a = 5*t - 7*a - 456. What is the greatest common factor of t and 30?
30
Suppose 0 = 22*v - 34*v + 336. What is the highest common factor of 490 and v?
14
Let o(b) = -4*b**3 - 17*b**2 + 14*b + 29. Let u be o(-5). Let k be 305 - -1*(0 - -1). Calculate the highest common factor of u and k.
34
Let d be ((-1)/3)/(12/(-2124)). Suppose -5*x = 39 - d. Suppose x*y = s - 20, -2*s + 43 = -y - 4*y. What is the greatest common divisor of s and 36?
12
Let j(c) = c**3 - 6*c**2 - 3*c - 8. Let r be j(7). Let v be (8 + 72)/((-2)/(-4)). Calculate the highest common divisor of v and r.
20
Suppose 7*f - 15 = 5*a + 2*f, -4*f + 12 = -2*a. Suppose -9*z + 2250 - 630 = a. What is the highest common factor of z and 20?
20
Let v(l) = 11*l - 55. Let x be v(6). What is the greatest common divisor of x and 275?
11
Suppose a + 2*x - 62 = 0, -59*a = -54*a + x - 301. What is the greatest common divisor of 860 and a?
20
Let m = -17 + 17. Suppose m = 2*g + 4*g - 6. Let l(o) = 220*o. Let p be l(g). Calculate the highest common divisor of p and 20.
20
Suppose 0*n - 5*n = -10. Suppose -10 = -n*b + 80. Let m = -179 + 194. What is the greatest common factor of b and m?
15
Let h = -322 + 333. Suppose -3*r + 0*r + 429 = 0. Calculate the greatest common factor of r and h.
11
Let q(d) = 133*d - 299. Let p be q(26). What is the greatest common divisor of 117 and p?
117
Let y(n) = 2*n**2 - 42*n + 8. Let o be y(21). Let d = 85 + -13. What is the greatest common factor of o and d?
8
Let t = 2 + 12. Let b(q) = -17*q - 27. Let u be b(-9). What is the highest common divisor of u and t?
14
Let f(v) = -v**3 - 8*v**2 - 6*v + 10. Let p be f(-7). Let n be (-2211)/(-21) + p/(21/(-2)). Calculate the greatest common divisor of 63 and n.
21
Suppose 2*i - 15 = n, 2*i + 4*n = -2 - 8. Let c be i/2*24/12. Suppose -2*h + 5*r = -17 + 2, h + c*r = 0. What is the greatest common factor of 25 and h?
5
Suppose 3*o - 445 = -22. Let v = o - 82. What is the highest common factor of 118 and v?
59
Suppose -5*o + 1516 + 809 = 0. What is the greatest common factor of 60 and o?
15
Let r(o) = o**3 - 5*o**2 - 5*o + 2. Let d be r(6). Let z = -41 + 44. Let k(s) = -s + 4. Let q be k(z). Calculate the greatest common divisor of q and d.
1
Let s = 74 - 68. Suppose 21 - s = 5*g. What is the greatest common divisor of g and 2?
1
Let k = 383 - 365. Let y(a) = a**2 - 4*a. Let s be y(-5). Calculate the greatest common factor of k and s.
9
Let q = 961 + -387. Calculate the greatest common divisor of q and 41.
41
Let g(i) = i - 27. Let t be g(24). Let r = 75 + t. Calculate the greatest common divisor of r and 8.
8
Let r(x) = -x + 54. Let t be r(0). Let h be (-4)/8 + (-23)/(-2). Suppose -2*s = l - h, 10 = 2*s + 5*l + 3. What is the greatest common divisor of t and s?
6
Let v = -526 + 555. What is the highest common factor of v and 493?
29
Suppose 0 = -3*m + 41 - 2. Suppose -4*v + 404 = 4*c, 2*c = v + 198 + 13. Calculate the greatest common factor of c and m.
13
Let h be (784/(-84))/((-8)/18). Calculate the highest common divisor of 7 and h.
7
Let n(q) = -5*q. Let a be n(-2). Suppose m + 498 = 7*m. Let j = m - 13. Calculate the highest common divisor of a and j.
10
Suppose -2*b = l + 7, -5*b - 29 + 4 = 0. Let p = l - 1. Let d = 79 + -67. Calculate the highest common divisor of p and d.
2
Let h be (-3)/(2 - (-25)/(-14)). Let c(d) = -45*d + 267. Let r be c(5). Let w = h + r. What is the greatest common divisor of 14 and w?
14
Suppose -14 = -k + 2*a, -22*k + a = -17*k - 97. What is the greatest common divisor of k and 32?
4
Let j(t) = t**3 - 7*t**2 - 7*t - 3. Let l be j(8). Suppose -6*b + 4*b + 10 = 0. What is the highest common divisor of b and l?
5
Let s be 27/(-15)*100/15*-18. Calculate the highest common factor of 384 and s.
24
Suppose 0 = 5*v - 63 - 37. Suppose 0*h - 19 = -h - 4*l, 5*l - v = 0. Let u be 1 + (-5 - -2) + (2 - -21). What is the greatest common factor of h and u?
3
Let o(y) = -y**2 - 4*y - 1. Let k be o(-5). Let m be (-116)/4 - 2*-1. Let z be ((-279)/m)/((-2)/k). Calculate the greatest common factor of z and 217.
31
Let d be 4 - 6*(-2)/(-3). Suppose d = 5*b - 4*s + 12 - 157, -3*s = 0. Suppose b + 23 = 2*z. Calculate the highest common divisor of z and 13.
13
Suppose -8*l + 4*l + 4*p + 100 = 0, 4*p = 2*l - 40. What is the highest common factor of l and 40?
10
Suppose -87 = 5*p - 237. Let z be (-9 - 27)/(0 + (-8)/20). Calculate the highest common divisor of z and p.
30
Let m = 237 + 987. What is the greatest common factor of m and 51?
51
Let k(m) = -13*m + 59. Let s be k(4). Calculate the highest common divisor of 336 and s.
7
Let w be (16 - 13) + (-2)/(-1). Suppose 18 = -7*v + 123. Calculate the greatest common divisor of w and v.
5
Suppose 0 = -c + 2*l + 17, -9*c - 3*l = -4*c - 72. What is the greatest common factor of c and 630?
15
Suppose -515 - 8221 = -91*w. What is the highest common factor of w and 144?
48
Let g = 7 - 1. Suppose 542*k - 432 = 534*k. Calculate the greatest common factor of k and g.
6
Let n = -94 - -106. Suppose -3*l - 378 = -n*l. What is the greatest common divisor of l and 105?
21
Let f(y) = 26*y - 3. Let r be f(1). Suppose 5 = -s + r. What is the highest common divisor of 9 and s?
9
Let u(m) = 53 - m**3 + 2*m**3 - 81 - 7*m + 40 - 6*m. Suppose -9 = -2*j + 1. Let p be u(j). Calculate the highest common factor of 18 and p.
18
Let a = 90 - 64. Let m be -3 + 10/(-8)*-4. Suppose -3*f = m*g - 87, 4*g + 4*f - 30 = 138. What is the highest common factor of g and a?
13
Let b(m) = 2*m**3 - 9*m**2 + 10*m + 4. Let a = 44 + -37. Let u be b(a). Calculate the greatest common divisor of 29 and u.
29
Let s = 149 - 101. Let n(g) = -2*g**2 + 13*g + 9. Let v be n(7). Let x be 72/(4/v) + -4. Calculate the greatest common factor of s and x.
16
Let c be 14/(-21) + 357/9. Let t = -39 - -65. What is the greatest common factor of c and t?
13
Suppose r - 332 = -5*p, -5*r = 27*p - 25*p - 1614. Calculate the greatest common divisor of r and 56.
14
Suppose -13*k = 13*k - 5096. What is the highest common divisor of 4 and k?
4
Suppose 187 + 802 = 43*i. Calculate the highest common divisor of 207 and i.
23
Let k(h) = -13*h + 1. Let z be k(-4). Let f be (z + -1)*5/(-4). Let x = -33 - f. What is the greatest common factor of x and 48?
16
Suppose -5*j = -7*j + 8. Suppose 3*s = -5*d + 145, -4*s = j*d + s - 103. Let q = d - 28. What is the greatest common divisor of 44 and q?
4
Let h(r) = -r**3 + 9*r**2 - 11*r - 3. Let c be h(6). What is the greatest common divisor of 27 and c?
3
Let s be (-1 - (-10)/6) + 16678/93. Calculate the highest common factor of s and 10.
10
Let v be 1/(1/(-6) - 4/12). Let n be 48 + (v/8 - 2/(-8)). What is the greatest common divisor of n and 32?
16
Let v = -5 + 10. Let m = v + -8. Let o be (-9)/(